{"id":660,"date":"2018-01-22T20:20:52","date_gmt":"2018-01-22T20:20:52","guid":{"rendered":"https:\/\/chocolat.cl\/chocolat2017\/?post_type=product&#038;p=660"},"modified":"2025-09-05T14:32:55","modified_gmt":"2025-09-05T18:32:55","slug":"bolsa-2-y-10-kg-icoa","status":"publish","type":"product","link":"https:\/\/chocolat.cl\/chocolat2017\/product\/bolsa-2-y-10-kg-icoa\/","title":{"rendered":"Bolsa 2 y 10 Kg &#8211; Icoa"},"content":{"rendered":"<p><strong><em>\u201cPor Cuarto A\u00f1o Consecutivo, El Mejor Chocolate Blanco del Mundo es Venezolano\u201d<\/em><\/strong><\/p>\n<p><em>Caracas, 19 de octubre de 2015<\/em><\/p>\n<p><em>Chocolates El Rey fue galardonado por cuarto a\u00f1o consecutivo con la Medalla de Oro por su Chocolate Blanco Carenero Superior ICOA en los International Chocolate Awards, en su edici\u00f3n 2015. Un reconocimiento que se suma al merecido prestigio que ya tiene entre las casas chocolateras del mundo, gracias a la utilizaci\u00f3n de las mejores materias primas, su compromiso con los productores de cacao en Venezuela y su b\u00fasqueda incesante de la calidad y perfecci\u00f3n.\u00a0<\/em><\/p>\n<p><em>Una vez m\u00e1s ICOA, Chocolate Blanco de la l\u00ednea Premium Carenero Superior de Chocolates El Rey, recibi\u00f3 Medalla de Oro ante el jurado de la competencia mundial m\u00e1s importante para la industria chocolatera fina.<\/em><\/p>\n<p><em>De igual forma, Chocolates El Rey nuevamente obtuvo doble Medalla de Oro Especial en las categor\u00edas \u201cPa\u00eds Productor de Origen\u201d y \u201cComercio Directo\u201d, reconociendo su compromiso en asociarse directamente con peque\u00f1os productores de cacao para mejorar la calidad de los granos y a su vez la calidad de vida de los cacaoteros.<\/em><\/p>\n<p><em>Los International Chocolate Awards, la competencia mundial m\u00e1s importante para la industria chocolatera fina, fue creada por reconocidas figuras del mundo gastron\u00f3mico para reconocer, en igualdad de condiciones las creaciones de notados chocolateros y chocolatiers a nivel mundial.\u00a0<\/em><\/p>\n<p><em>El pasado mes de junio, Chocolates El Rey obtuvo Siete Medallas de Oro en la Ronda Semifinal de las Am\u00e9ricas de los International Chocolate Awards 2015, por sus Chocolates CAOBA (Chocolate con Leche 41% Cacao) como Mejor Chocolate con Leche Sin Relleno\/Grano de Origen y Mejor Chocolate de la Competencia, e ICOA (Chocolate Blanco) como Mejor Chocolate Blanco Sin Relleno\/Grano de Origen. Adicionalmente, Caoba e Icoa recibieron cada uno dos Medallas de Oro en las categor\u00edas especiales \u201cPa\u00eds Productor de Origen\u201d y \u201cComercio Directo\u201d, sumando en total Siete Medallas de Oro para Chocolates El Rey en la Ronda de las Am\u00e9ricas.<\/em><\/p>\n<p><em>La ruta a la final no fue f\u00e1cil. La competencia se realiz\u00f3 entre m\u00e1s de 100 finalistas que llegaron a la ronda final despu\u00e9s de cuatro fases previas, ante un panel de expertos chocolateros, reconocidos chefs pasteleros, y periodistas gastron\u00f3micos en Italia, Reino Unido, Canad\u00e1 y Estados Unidos, donde se calificaron a m\u00e1s de 600 marcas de chocolates finos de categor\u00eda mundial.\u00a0<\/em><\/p>\n<p>&nbsp;<\/p>\n<p><strong>Beneficios:<\/strong>\u00a0suplemento de calcio, aporta prote\u00ednas, aporta vitaminas y minerales.<\/p>\n<p>&nbsp;<\/p>\n<p><em>Cons\u00e9rvese en lugar seco y fresco, preferiblemente a temperaturas entre 16\u00baC y 20\u00baC y m\u00e1ximo 60% de humedad relativa.<\/em><\/p>\n","protected":false},"excerpt":{"rendered":"<h2>Chocolate Blanco<\/h2>\n<p>El chocolate blanco ICOA toma su nombre de Icoa-Uru, una m\u00edtica diosa ind\u00edgena adorada por sus seguidores por siempre estar vestida de blanco, y porque sent\u00edan que ten\u00eda un alma blanca. El Icoa se elabora con Manteca de Cacao Pura de Primera Calidad y tiene una textura suave, lechosa y sedosa, con poco contenido de az\u00facar, lo que lo hace destacarse de entre los dem\u00e1s chocolates blancos en el mercado. Saborizado con vainilla natural.<\/p>\n","protected":false},"featured_media":645,"template":"","meta":{"_exactmetrics_skip_tracking":false,"_exactmetrics_sitenote_active":false,"_exactmetrics_sitenote_note":"","_exactmetrics_sitenote_category":0},"product_cat":[34],"product_tag":[],"_links":{"self":[{"href":"https:\/\/chocolat.cl\/chocolat2017\/wp-json\/wp\/v2\/product\/660"}],"collection":[{"href":"https:\/\/chocolat.cl\/chocolat2017\/wp-json\/wp\/v2\/product"}],"about":[{"href":"https:\/\/chocolat.cl\/chocolat2017\/wp-json\/wp\/v2\/types\/product"}],"wp:featuredmedia":[{"embeddable":true,"href":"https:\/\/chocolat.cl\/chocolat2017\/wp-json\/wp\/v2\/media\/645"}],"wp:attachment":[{"href":"https:\/\/chocolat.cl\/chocolat2017\/wp-json\/wp\/v2\/media?parent=660"}],"wp:term":[{"taxonomy":"product_cat","embeddable":true,"href":"https:\/\/chocolat.cl\/chocolat2017\/wp-json\/wp\/v2\/product_cat?post=660"},{"taxonomy":"product_tag","embeddable":true,"href":"https:\/\/chocolat.cl\/chocolat2017\/wp-json\/wp\/v2\/product_tag?post=660"}],"curies":[{"name":"wp","href":"https:\/\/api.w.org\/{rel}","templated":true}]}}